(p) - 2*s(p). Calculate y(1).
4
Let c(s) = -3*s**2 + 2*s + 2. Let a(v) be the third derivative of v**5/30 - v**4/24 - v**3/6 + 2*v**2. Let m(i) = 5*a(i) + 4*c(i). Determine m(3).
-6
Suppose 1 = -y + 3. Let f(j) = -y + 2 + 3*j. Let r be 45/35 + 2/(-7). Give f(r).
3
Let b(a) = -a**3 + 7*a**2 - 4*a + 4. Let g(o) = o + 17. Let z be g(-12). Give b(z).
34
Let o(j) = j**2 - j. Let s(f) = -9*f + 11*f**2 - f**3 - 5 + 0*f - 7. Let n be s(10). Calculate o(n).
6
Let b(o) = -14 + 3*o + 14. Give b(6).
18
Let z = 10 - 14. Let s(p) = -3*p - 9. Suppose 3*u + 4*x = 14, -5*u = 3*x + 2*x - 20. Let l(j) = -10*j - 27. Let a(w) = u*l(w) - 7*s(w). Determine a(z).
5
Let f(k) = -9*k + 21. Let c(m) = 11*m - 23. Let u(z) = -5*c(z) - 6*f(z). Calculate u(-9).
-2
Let s(o) = 14*o**2 - 2*o - 3. Let h(g) = 5*g**2 - g - 1. Let x be (-2 - -6)/(4/6). Let q(y) = x*s(y) - 17*h(y). Let t be (-141)/(-24) - 1/(-8). Give q(t).
-7
Let h(t) be the third derivative of 1/120*t**6 + 0*t**3 + 0*t + 0 - 5*t**2 + 0*t**4 + 1/30*t**5. Let m(w) = w + 2. Let n be m(-4). Give h(n).
0
Let g(o) = -o**3 - 2*o**2 + 7*o + 5. Suppose -2*u + 2 = 0, -46 = 3*d - 0*d - 4*u. Let p = d - -10. Calculate g(p).
9
Suppose 29 = 3*u - 4*r, -3*r - 9 = 3*u - u. Let o(h) = -h**2 + 4*h - 1. Determine o(u).
2
Let d(x) = -18*x - 18*x - 4 - 2*x**2 + x**3 + 33*x. What is d(4)?
16
Let i(u) = -u**3 - u**2. Let f(h) = -h. Let l be 8/(-5)*(-5)/2. Let w be f(l). Let d = w - -2. Calculate i(d).
4
Suppose 2*f - 5*o + 115 = 7*f, 4*f + 2*o - 86 = 0. Let z = 13 - f. Let s(y) = -y - 7. Determine s(z).
0
Let k(q) = 3*q**2 + 5*q - 1. Let i = 1 + 4. Let c(a) = -a**2 - a. Let v(z) = i*c(z) + k(z). Determine v(-2).
-9
Let a(p) = -p**3 - 12*p**2 + 29*p + 20. Let c be a(-14). Let m(f) = 3*f - 6. What is m(c)?
12
Suppose 29 - 29 = -i. Let j(c) = c**2 - c + 20. Calculate j(i).
20
Suppose 15*s - 6*s = -45. Let l(b) = b**2 + 2*b - 6. What is l(s)?
9
Let q be (-6)/4*10/15. Suppose 0*g + g = 3. Let n(u) = -4*u - 1 + 0 - g*u. Calculate n(q).
6
Let k = 4 + -2. Suppose -j + 3*j = k. Let t(h) = h**2 - 1. Calculate t(j).
0
Let v(t) be the third derivative of 0*t**5 + 0 - 1/2*t**3 + 0*t + 2*t**2 + 1/120*t**6 - 1/6*t**4. What is v(-2)?
-3
Let l(x) = -x**2 + 7*x + 10. Let o be l(8). Let b(k) = -4*k**o + 2 + 0 + k**2 + 6*k + 2*k**2. Suppose 6*m - m = 25. Give b(m).
7
Let b(t) = -t. Let g be b(-1). Suppose -3*z + 4*z = -g. Let u(m) = m**3 - m**2 + m + 1. Determine u(z).
-2
Let p = 28 + -32. Let s(i) = -6*i - 10. Let t(z) = z. Let v(o) = 2*o + 5. Let n(r) = t(r) + v(r). Let j(m) = -7*n(m) - 3*s(m). Calculate j(p).
7
Let o(f) = -3*f**2 + 1. Let z(t) = t**2 - t - 1. Let q(d) = 2*o(d) + 4*z(d). Give q(-2).
-2
Let v(g) be the third derivative of -1/120*g**6 - 1/24*g**4 - 1/60*g**5 + 0 + 1/3*g**3 + 0*g - g**2. Let l be -2 + 1 + -1 - 58/(-29). Determine v(l).
2
Suppose t + 70 = -4*t. Let j be t/(-35) - 18/(-5). Let p(k) = -k**3 + 3*k**2 + 6*k - 3. Calculate p(j).
5
Let s be (-6)/(-4)*4/(-3). Let x(z) be the second derivative of z**4/12 - z**3/3 - 7*z. Calculate x(s).
8
Let f be (9/(-12))/((-1)/(-4)). Let q(h) be the first derivative of -h + 1/2*h**2 + 1/3*h**3 + 3. What is q(f)?
5
Suppose 4*p - 5 = 3*p. Suppose x - p*k + 28 = 0, 20 = x + 5*k - 2. Let a(q) = -q - 2 + 3*q - 1 + 2*q**2. Determine a(x).
9
Suppose -3*x = -0*x - 6. Suppose 0*i - 4*i + x*w = -14, 3*i - 9 = 2*w. Let t(y) = 7 + i*y + 1 - 4*y. Give t(-5).
3
Let x = 497 - 495. Let u(o) = -o**3 + 1 + 5*o**2 + 1 - 3*o**2. What is u(x)?
2
Let u be ((-7)/(21/9))/3. Let c = 0 - u. Let w(k) = -12*k**2 - 1. Determine w(c).
-13
Suppose -5*a = -0*a. Suppose f + 0*f - 4 = a. Let v(p) = -p + 6. What is v(f)?
2
Let q(n) = n**2 - 6*n - 5. Let d be q(7). Let l(r) = -12*r**2 - 3 + 19*r**d + r**3 - r - 4. What is l(-7)?
0
Suppose -b + 24 = 5*c, -5*c + 8 = -12. Suppose -d = -3*d - b. Let t(i) = -i**3 - i**2 + i - 1. What is t(d)?
1
Let b(j) = j**2 - j. Let w(s) = -6*s**2 + 10*s + 2. Let a(r) = 5*b(r) + w(r). Let g(d) = -d**2 - 11*d + 4. Let p be g(-11). Give a(p).
6
Let l(d) = 0*d - d**2 + 5*d - 4 + 2. Suppose 0 = 3*g + b + 3*b - 18, -b = 5*g - 13. Suppose g = 5*v - 8. Calculate l(v).
4
Suppose -y + 6 = 2. Let v be y + -2 + (1 - -2). Let r(w) = -w**3 + 5*w**2 + w - 3. What is r(v)?
2
Let u(r) = -r + 3. Let j be (-2)/7 - (-30)/7. Suppose -5*i + 65 = j*z, -4*i + i = z - 18. Suppose -2*b = -5*b + z. Calculate u(b).
-2
Let n(g) = -2*g + 11. Let w(z) = z - 5. Let o(u) = -3*n(u) - 5*w(u). Determine o(9).
1
Let s be (-3 + 1)*(-8)/16. Let u(k) be the first derivative of k**5/120 - k**4/24 + k**3/3 - 1. Let p(m) be the third derivative of u(m). Determine p(s).
0
Let h(i) = -i**2 - 6*i - 5. Let l be h(-4). Let y(c) be the first derivative of -3 - c + 1/3*c**l + 0*c**2. What is y(1)?
0
Let b(q) be the first derivative of -q**4/4 + q**2/2 + 2*q + 2. Let y = -6 - -6. Determine b(y).
2
Let o(q) = 6*q + 6. Let x(g) = -7. Let j(v) = 1. Let y(i) = -6*j(i) - x(i). Let u(c) = -o(c) + 5*y(c). Give u(-2).
11
Let q be ((-5)/(-2))/((-1)/2). Let y(i) = 1 - 1 + 37*i - 1 - 36*i. Give y(q).
-6
Let v be 0*(-1)/(-2)*-1. Let l(p) be the second derivative of p**5/20 + p**3/6 + 4*p**2 - p. Give l(v).
8
Suppose -3*t - 1 = 2*u, 0 = -4*u + 2*t + 2 + 4. Let g(n) = -n**2 + 17*n + 3*n**2 - 1 - 15*n - 3*n**2 - 8*n**3. Calculate g(u).
-8
Let k(i) = -i**3 - 3*i**2 + 4*i - 1. Let n = 19 + -11. Let j = 4 - n. Determine k(j).
-1
Let l(n) = 6*n**3 + n. Let h(b) = b**2 - 3*b - 3. Let v be h(4). Give l(v).
7
Let u(h) = h - 12. Let y be u(13). Let n(k) = -2*k**2 + 1. Give n(y).
-1
Let j(c) = c**3 - c - 1. Let l(b) = -1 + b**2 - b - 3*b**2 + b**2 + b**3. Let t(a) = -6*j(a) + 5*l(a). What is t(-5)?
-4
Let s(t) = -t**3 + 4*t**2 + 2. Let g be s(4). Let z be g - 1 - 0 - -11. Let n = z - 8. Let h(i) = i**3 - 4*i**2 - 2*i + 2. Determine h(n).
-6
Let m(g) = g**2 + 6*g + 3. Let t(z) = -6*z**2 - z. Let s be t(-1). Give m(s).
-2
Let b = 13 - 14. Let c(o) = -3*o. Let w be c(b). Let y(z) = 2*z**2 - 3*z - 3. Determine y(w).
6
Let j = -31 + 25. Let v(q) = q - 3. Calculate v(j).
-9
Suppose 2*z + 3*z + 2*p = -13, -5*z + p = 16. Let g(w) = -5*w - 3. Determine g(z).
12
Let q(n) = n**3 + 6*n**2 + 5*n - 6. Suppose -9*r = -13*r - 20. Determine q(r).
-6
Let a(i) = -i**3 - i**3 + 3*i**2 + i**3 - i - 4 + 5*i. Determine a(4).
-4
Let q(f) be the third derivative of f**4/24 - 5*f**3/6 - f**2. Suppose g + 20 = -0*g + 5*p, 0 = 3*g - p + 4. Calculate q(g).
-5
Let b = 4 + -3. Let a be -2 + 3/((-3)/(-4)). Let t(y) = 0*y**a - 3*y**2 - y + 1 - y. Calculate t(b).
-4
Suppose -28 = -4*g - 4*q, 5*q = 4*g - 0*q - 1. Let p(s) = -5 - 4*s - s**2 + g + 0. Let v be (2 + 8)*(32/(-20))/4. Give p(v).
-1
Suppose -r + 2*o + 15 = -1, -3*r + 46 = -5*o. Suppose -i + 5*i = -r. Let u(p) = -p - 6. Give u(i).
-3
Let o(u) = u - 1. Let z = -105 - -99. What is o(z)?
-7
Let c(x) = -x**2 - 6*x + 6. Let p be c(-6). Let d(h) = h**2 - 4*h - 6. What is d(p)?
6
Let b(x) = 2*x + 2. Let i(g) = -3 + 5 - 2*g - 1 - 2. Let t(v) = -2*b(v) - 3*i(v). What is t(-2)?
-5
Let j(s) = s**2 - 11*s + 8. Let c be j(10). Let i(u) = 2*u + 3. Give i(c).
-1
Let o(q) = -q + 4. Let r(b) = -3*b + 11. Let j(z) = 8*o(z) - 3*r(z). Give j(1).
0
Let z(f) be the second derivative of f**6/240 + f**5/40 - 7*f**4/12 - 6*f. Let q(h) be the third derivative of z(h). Give q(3).
12
Suppose -8 = 4*o - 5*o. Let h be (-3)/12 - 46/o. Let q(f) = -9*f + 4. Let a(x) = x. Let b(k) = h*a(k) - q(k). Calculate b(3).
5
Let j(a) = a**3 - 7*a**2 + 5*a - 2. Suppose 0 = -v - m - 2*m - 3, -1 = 3*v + 5*m. Let w = -1 - -3. Let n be (6 + 3)*w/v. Calculate j(n).
-8
Let v(h) = -h - 6. Let w be v(-6). Let r be ((-3)/(-2) - 2)*w. Let b(s) = -s**2 + s + 8. Give b(r).
8
Let u = 0 - 2. Let z(f) = -2*f - 1. Let v be z(u). Let n(i) be the first derivative of -i**3/3 + i**2 + 2*i + 1. Calculate n(v).
-1
Let y(s) be the first derivative of -s**4/4 - 2*s**3 - 7*s**2/2 - 6*s - 14. Suppose 2*q = 6*q + 20. Determine y(q).
4
Let t be 0/(-3 + 3 + 1). Let d(a) = -15*a + 49. Let x(y) = 8*y - 24. Let q(l) = 3*d(l) + 5*x(l). Let b(r) = 2*r - 9. Let h(k) = -8*b(k) - 3*q(k). What is h(t)?
-9
Let a(u) = 0*u - 6*u + 6*u + 7 + u. Suppose -c = 3*c. Give a(c).
7
Let o(y) = -y - 6. Suppose -5*s + 5*t + 25 = 0, -5*s - 16 = -4*t - 46. Suppose -2*q + 0*f - s = 5*f, 2*f - 20 = 4*q. What is o(q)?
-1
Let p(i) = -i**3 + i**2